{"id":62,"date":"2018-02-21T14:23:01","date_gmt":"2018-02-21T13:23:01","guid":{"rendered":"http:\/\/www.meltingvox.eu\/?page_id=62"},"modified":"2018-02-28T10:16:07","modified_gmt":"2018-02-28T09:16:07","slug":"about-us","status":"publish","type":"page","link":"https:\/\/www.meltingvox.eu\/index.php\/about-us\/","title":{"rendered":"Qui sommes-nous"},"content":{"rendered":"<p><strong>Melting Vox<\/strong> est n\u00e9 en 2008 sur\u00a0une id\u00e9es simples :\u00a0rassembler des chanteurs\u00a0tri\u00e9s sur le volet \u00a0(professionnels ou amateurs tr\u00e8s exp\u00e9riment\u00e9s) au sein d&rsquo;un petit ensemble afin de pouvoir litt\u00e9ralement \u00ab\u00a0ciseler\u00a0\u00bb la musique, en tirer sa substance lors d&rsquo;une interpr\u00e9tation la plus \u00e9labor\u00e9e possible\u2026 ce qui est rarement le cas avec de grands ch\u0153urs amateurs.<\/p>\n<p><strong>Melting Vox<\/strong>, c&rsquo;est un nom bien \u00e0 propos en r\u00e9f\u00e9rence aux nombreuses nationalit\u00e9s qui composent l&rsquo;effectif.<\/p>\n<p>L&rsquo;essentiel du r\u00e9pertoire de <strong>Melting Vox<\/strong> est bas\u00e9 sur la musique des XXe et XXIe si\u00e8cles: de l&rsquo;impressionnisme d&rsquo;un Debussy \u00e0 l&rsquo;harmonie d&rsquo;un Vaughan-Williams, du groove des Gospels au rythme de morceaux \u00ab\u00a0rock\u00a0\u00bb bien connus. Cette diversit\u00e9 attire un public toujours plus nombreux et les concerts de <strong>Melting Vox<\/strong> ont suscit\u00e9 \u00a0\u00e0 chaque fois un v\u00e9ritable enthousiasme.<\/p>\n<p>&nbsp;<\/p>\n<p>Venez nous d\u00e9couvrir, nous vous enchanterons \u00e0 coup s\u00fbr&#8230;<\/p>\n<p>&nbsp;<\/p>\n<p><a href=\"http:\/\/www.meltingvox.eu\/index.php\/le-chef\/\">Le chef<\/a><\/p>\n<p><a href=\"http:\/\/www.meltingvox.eu\/index.php\/page-d-exemple\/\">Les chanteurs<\/a><\/p>\n","protected":false},"excerpt":{"rendered":"<p>Melting Vox est n\u00e9 en 2008 sur\u00a0une id\u00e9es simples :\u00a0rassembler des chanteurs\u00a0tri\u00e9s sur le volet \u00a0(professionnels ou amateurs tr\u00e8s exp\u00e9riment\u00e9s) au sein d&rsquo;un petit ensemble afin de pouvoir litt\u00e9ralement \u00ab\u00a0ciseler\u00a0\u00bb la musique, en tirer sa substance lors d&rsquo;une interpr\u00e9tation la plus \u00e9labor\u00e9e possible\u2026 ce qui est rarement le cas avec de grands ch\u0153urs amateurs. Melting [&hellip;]<\/p>\n","protected":false},"author":1,"featured_media":0,"parent":0,"menu_order":0,"comment_status":"closed","ping_status":"closed","template":"","meta":[],"_links":{"self":[{"href":"https:\/\/www.meltingvox.eu\/index.php\/wp-json\/wp\/v2\/pages\/62"}],"collection":[{"href":"https:\/\/www.meltingvox.eu\/index.php\/wp-json\/wp\/v2\/pages"}],"about":[{"href":"https:\/\/www.meltingvox.eu\/index.php\/wp-json\/wp\/v2\/types\/page"}],"author":[{"embeddable":true,"href":"https:\/\/www.meltingvox.eu\/index.php\/wp-json\/wp\/v2\/users\/1"}],"replies":[{"embeddable":true,"href":"https:\/\/www.meltingvox.eu\/index.php\/wp-json\/wp\/v2\/comments?post=62"}],"version-history":[{"count":5,"href":"https:\/\/www.meltingvox.eu\/index.php\/wp-json\/wp\/v2\/pages\/62\/revisions"}],"predecessor-version":[{"id":256,"href":"https:\/\/www.meltingvox.eu\/index.php\/wp-json\/wp\/v2\/pages\/62\/revisions\/256"}],"wp:attachment":[{"href":"https:\/\/www.meltingvox.eu\/index.php\/wp-json\/wp\/v2\/media?parent=62"}],"curies":[{"name":"wp","href":"https:\/\/api.w.org\/{rel}","templated":true}]}}