{"id":151,"date":"2018-02-27T10:07:37","date_gmt":"2018-02-27T09:07:37","guid":{"rendered":"http:\/\/www.meltingvox.eu\/?page_id=151"},"modified":"2018-02-28T12:44:46","modified_gmt":"2018-02-28T11:44:46","slug":"notre-repertoire","status":"publish","type":"page","link":"https:\/\/www.meltingvox.eu\/index.php\/notre-repertoire\/","title":{"rendered":"Notre r\u00e9pertoire"},"content":{"rendered":"<p><img loading=\"lazy\" class=\"wp-image-155 size-medium alignright\" src=\"http:\/\/www.meltingvox.eu\/wp-content\/uploads\/2018\/02\/repertoire3-300x300.gif\" alt=\"\" width=\"300\" height=\"300\" srcset=\"https:\/\/www.meltingvox.eu\/wp-content\/uploads\/2018\/02\/repertoire3-300x300.gif 300w, https:\/\/www.meltingvox.eu\/wp-content\/uploads\/2018\/02\/repertoire3-150x150.gif 150w\" sizes=\"(max-width: 300px) 100vw, 300px\" \/><\/p>\n<p>Parmi la cinquantaine d&rsquo;auteurs\/compositeurs que nous mettons un honneur \u00e0 chanter, quelques t\u00eates d&rsquo;affiches que nous appr\u00e9cions particuli\u00e8rement :<\/p>\n<p>&nbsp;<\/p>\n<p><strong>Maurice Durufl\u00e9<\/strong> ( France 1902-1986, organiste et compositeur) : <em>Quatre Motets sur des Th\u00e8mes Gr\u00e9goriens<\/em> op. 10 pour ch\u0153ur (1960)<\/p>\n<p><strong>Arvo P\u00e4rt<\/strong> ( Estonie 1935- , compositeur associ\u00e9 au mouvement de musique minimaliste) : <em>Bogoroditse Dj\u00e9vo (1990)<\/em><\/p>\n<p><strong>Zolt\u00e1n Kod\u00e1ly<\/strong> (Hongrie 1882-1967, compositeur ethnomusicologue, connu pour la m\u00e9thode Kodaly ) : <em>Turot Esik a cigany, Esti Dal, Adventi Enek<\/em><\/p>\n<p><strong>Sergue\u00ef Rachmaninoff<\/strong> (D&rsquo;origine russe 1873 &#8211; 1943, compositeur, pianiste et chef d&rsquo;orchestre) : <em>Bogoroditse Dj\u00e9vo (1915)<\/em><\/p>\n<p><strong>Sir John Tavener<\/strong> (Anglais 1944-2013, compositeur minimaliste mystique) : <em>Mother of God<\/em> (1976)<\/p>\n<p><strong>Javier Busto<\/strong> (Pays Basque 1949- , ) : <em>Ave Maria<\/em>, <em>Sagastipean<\/em><\/p>\n<p><strong>Anton Bruckner<\/strong> (Autriche 1824-1896, compositeur et organiste) : \u00a0<em>Os Justi (1879), Locus Iste (1869)<\/em><\/p>\n<p><strong>Ola Gjeilo<\/strong> (Norv\u00e8ge 1978- compositeur et pianiste) : <em>Prelude, Ubi Caritas, Coventry Carols<\/em><\/p>\n","protected":false},"excerpt":{"rendered":"<p>Parmi la cinquantaine d&rsquo;auteurs\/compositeurs que nous mettons un honneur \u00e0 chanter, quelques t\u00eates d&rsquo;affiches que nous appr\u00e9cions particuli\u00e8rement : &nbsp; Maurice Durufl\u00e9 ( France 1902-1986, organiste et compositeur) : Quatre Motets sur des Th\u00e8mes Gr\u00e9goriens op. 10 pour ch\u0153ur (1960) Arvo P\u00e4rt ( Estonie 1935- , compositeur associ\u00e9 au mouvement de musique minimaliste) : Bogoroditse [&hellip;]<\/p>\n","protected":false},"author":3,"featured_media":0,"parent":0,"menu_order":0,"comment_status":"closed","ping_status":"closed","template":"","meta":[],"_links":{"self":[{"href":"https:\/\/www.meltingvox.eu\/index.php\/wp-json\/wp\/v2\/pages\/151"}],"collection":[{"href":"https:\/\/www.meltingvox.eu\/index.php\/wp-json\/wp\/v2\/pages"}],"about":[{"href":"https:\/\/www.meltingvox.eu\/index.php\/wp-json\/wp\/v2\/types\/page"}],"author":[{"embeddable":true,"href":"https:\/\/www.meltingvox.eu\/index.php\/wp-json\/wp\/v2\/users\/3"}],"replies":[{"embeddable":true,"href":"https:\/\/www.meltingvox.eu\/index.php\/wp-json\/wp\/v2\/comments?post=151"}],"version-history":[{"count":8,"href":"https:\/\/www.meltingvox.eu\/index.php\/wp-json\/wp\/v2\/pages\/151\/revisions"}],"predecessor-version":[{"id":275,"href":"https:\/\/www.meltingvox.eu\/index.php\/wp-json\/wp\/v2\/pages\/151\/revisions\/275"}],"wp:attachment":[{"href":"https:\/\/www.meltingvox.eu\/index.php\/wp-json\/wp\/v2\/media?parent=151"}],"curies":[{"name":"wp","href":"https:\/\/api.w.org\/{rel}","templated":true}]}}